e factors of r?
5
Let f(x) = x**2 + 7*x - 4. Let i be f(-9). Let l be (-5)/(-1)*(-6)/(-15). Suppose -l*b - 4 + i = 0. List the prime factors of b.
5
Let c(v) be the third derivative of -v**6/360 + v**5/20 - v**4/8 - v**3/3 - v**2. Let r(x) be the first derivative of c(x). What are the prime factors of r(5)?
2
Suppose -2*j - w + 241 = -134, 2*w = -10. List the prime factors of j.
2, 5, 19
Let y = -16 - -1. List the prime factors of (-116)/(-5) + 3/y.
23
Let a(v) = -v**3 + 11*v**2 + 9*v + 1. List the prime factors of a(11).
2, 5
Suppose u + 5*b + 4 = 0, 4*u - 2*b = 2*u + 16. Let h = u + -1. What are the prime factors of h?
5
Let h(k) = -k**3 + 10*k**2 - k + 9. Let w be h(10). List the prime factors of (5/w)/(-14 - -13).
5
Let b be (0 - -21)*(-5)/3. Let d = b - -49. List the prime factors of d.
2, 7
Suppose -2*n + 2*j = j - 2, -3*j + 5 = 5*n. Suppose -q - n = 0, 4*p + 0*p + 3*q - 13 = 0. What are the prime factors of p?
2
Let d(q) = -q**3 + 2*q**2 + 2*q - 2. Let w be d(4). Let u = w - -39. List the prime factors of u.
13
Let c(r) = -r**2 + 14*r - 15. What are the prime factors of c(11)?
2, 3
Let q = 11 - 15. Let n(h) = -h**3 + 4*h**2 + 6*h + 5. Let r be n(5). List the prime factors of ((-45)/r)/(2/q).
3
Let z(l) = l**2 + 4*l - 1. Let u be z(-5). Suppose 0*t = -j - 4*t + 19, -u*j + 4*t = -16. What are the prime factors of j?
7
Suppose 4*b + 47 = 5*m, b = -2*m - 1 + 12. Let c = -5 + m. List the prime factors of c.
2
Suppose 3*j + 232 = -4*c, 0*c + j - 51 = c. Let h = -38 - c. List the prime factors of h.
17
Let i be (0 + 3)/(1/43). Let t be (-4)/(-10) - i/(-15). Suppose 7 = 4*c - t. What are the prime factors of c?
2
Suppose 0 = -2*g - 2*u + 12, -2*u + 0 - 3 = -3*g. Suppose -g*c + 21 = -6. List the prime factors of c.
3
Suppose 3*m + 14 = o, -5*m = -3*o - 2*m + 18. List the prime factors of o + (-5)/((-15)/9).
5
Let s(d) = -9*d**2 - 1. Let t be s(-1). Let r be t/(-1) + 0 + -1. What are the prime factors of (-66)/r*(-3)/2?
11
Let i = 185 + -177. What are the prime factors of i?
2
Suppose -2*q = -p - 4, 0 = -3*q + 3*p + 14 - 5. Let c be -8 + (q + 1)/(-2). Let u = 20 + c. What are the prime factors of u?
11
What are the prime factors of 281/3 - (-38)/(-57)?
3, 31
Suppose -h - 1 - 1 = 0, -h = 5*w - 18. Let c(n) be the first derivative of -n**4/4 + 5*n**3/3 - n**2 - 3*n + 4. What are the prime factors of c(w)?
5
Let g be 2/9 + (-12)/54. Suppose 3*p + p - 56 = g. What are the prime factors of p?
2, 7
Suppose 4*r + 81 = 5*r - 2*i, -4 = 4*i. What are the prime factors of r?
79
What are the prime factors of ((-65)/(-10))/((9/3)/114)?
13, 19
Let i = 7 - 4. Let l be i/((-6)/(-4)) - 3. List the prime factors of 1 + (l + 1 - -9).
2, 5
Let f(c) = -4*c + 1 + 2*c - 7. List the prime factors of f(-4).
2
Suppose 0 = -a + 9. List the prime factors of a.
3
Suppose -65 - 35 = -4*t. Suppose 0 = q + 4*q + t, 5*q = 2*a - 121. What are the prime factors of a?
2, 3
Let u(c) = c**3 + 7*c**2 - 7*c + 10. Let g be u(-8). Suppose -3*h + 16 + 94 = -f, 4*h - g*f = 144. What are the prime factors of h?
2, 19
Suppose -u + 4*q + 8 + 16 = 0, 0 = -5*u - 4*q. Let i(r) = 3*r - 3. What are the prime factors of i(u)?
3
Suppose -4*t = -t + 54. What are the prime factors of t/((-1 - 0)*1)?
2, 3
Suppose 0 = 2*r - 3*r + 3. Let z be (10/r)/(14/105). Suppose 3*m - 2*g - 3*g = -16, -5*g + z = 0. List the prime factors of m.
3
Let v(o) = o**3 - 6*o**2 - 4*o + 3. List the prime factors of v(7).
2, 3
Suppose 3*d = 0, 2*d = 4*v - d + 256. Let w = 94 + v. Let k = -18 + w. What are the prime factors of k?
2, 3
Let o(m) = m**2 - 4*m + 6. Suppose -k + w + 10 = -9, 4*k = 2*w + 86. Suppose k = 5*b + 4. What are the prime factors of o(b)?
2, 3
Suppose 4*z - 3*z - 7 = 0. Let b(m) = 0 - 1 - z*m + 0 - m**2. What are the prime factors of b(-5)?
3
Let k = 7 - -60. Let y = -33 + k. What are the prime factors of y?
2, 17
Let n(x) = -8*x - 50. List the prime factors of n(-8).
2, 7
Let f(a) = a**2 + 8*a - 8. Let q be f(-7). Suppose d = -2*p - 2 - 1, 5*p + 5*d = -5. Let x = p - q. What are the prime factors of x?
13
Suppose 5*j - 15 = -2*b - 3, 5*b - 3*j = -32. List the prime factors of (119/(-14))/(2/b).
17
Let q = 14 + 85. List the prime factors of q.
3, 11
Let g(l) = l + 13. Let p be (0 - -7) + 3/(-1). Suppose -p*x + z + 2 = 0, -x + 7*z - 3*z + 8 = 0. List the prime factors of g(x).
13
Let b(u) = 2*u + 7. Let g(m) = -3*m - 7. Let t(p) = -4*b(p) - 3*g(p). Let y be t(-8). What are the prime factors of (-5 - y) + 2/2?
11
List the prime factors of 3/6 - (-146)/4.
37
Suppose 3*y - 3*r - 263 = 415, 5*y - r - 1114 = 0. List the prime factors of y.
2, 3, 37
Suppose 3*r + 6*l - 3*l = 216, -5*l - 324 = -4*r. What are the prime factors of r?
2, 19
Suppose -9 = -n - 3. Suppose 2*h - n*h = 3*f - 171, -4*h = -3*f - 141. Suppose 0 = 2*d + 5*x - 0*x - h, -3*x + 9 = 0. List the prime factors of d.
2, 3
Let j = 58 - 12. What are the prime factors of j?
2, 23
Let n(z) = -3*z - 1. Let y be n(-4). Let g(t) = t**3 + 4*t**2 - t - 5. Let q be g(-4). Let i = y - q. List the prime factors of i.
2, 3
Let q(d) = 2*d**2 + 3*d - 2. Let m be q(-3). Let h = -5 + 8. What are the prime factors of (-21)/(-4)*(m - h)?
3, 7
Suppose z = 4*z - 9. List the prime factors of 3*((-56)/z)/(-4).
2, 7
Suppose -6*i + 70 = -2. What are the prime factors of i?
2, 3
Let v(j) = -4*j**3 - 2*j**2 + j - 1. Let g be v(2). Let c = g + 77. Suppose -x + c = 14. List the prime factors of x.
2, 3
Suppose 4*x + 3*r - 20 = 7, -r - 17 = -3*x. Let c(m) be the first derivative of m**4/4 - 5*m**3/3 - 5*m**2/2 - 2*m + 2. List the prime factors of c(x).
2
Let u(k) be the second derivative of k**4/12 - 11*k**3/6 + 3*k**2 - 2*k. Let t be u(7). Let z = -12 - t. What are the prime factors of z?
2, 5
Suppose a - 6 = -2*a. Suppose 5*x + 10 = 35. Suppose -x*i + 17 - a = 0. List the prime factors of i.
3
Let d(l) = -l**3 + 6*l**2 - 5*l + 10. List the prime factors of d(4).
2, 11
Let t be 204/(-8)*(-2)/3. Suppose -2*b - 3*u = -3*b + t, -36 = -3*b + 4*u. Suppose -g + 5*h = -7, 2*g - 4*h - b = -0*h. What are the prime factors of g?
2
Let g be 68 - 1*0/1. Suppose 0 = j + 5*b - 0 - 5, 4*b = -4*j + g. What are the prime factors of j?
2, 5
Suppose 346 = 4*f - 2*v, -3*f = -3*v - 260 - 4. Suppose f = 7*l - 2*l. Suppose 0 = x + 5*p - l, -2*x + p - 2 = -3. What are the prime factors of x?
2
Suppose -3*d + 2*d = -5*b + 1164, -230 = -b + 3*d. What are the prime factors of b?
233
Let i(o) = 16*o**2 - 5*o - 4. What are the prime factors of i(2)?
2, 5
Let t be 6/4 - (-62)/4. What are the prime factors of (t - -1) + 3 + 0?
3, 7
Suppose 3*v - 2*u = 2*u + 13, -4*v + u = 0. Suppose -3*a + 2*m = -25, 5*a - 2*m + 20 = 55. Let i = a - v. List the prime factors of i.
2, 3
Let k(v) = -23*v + 2. What are the prime factors of k(-10)?
2, 29
Let r(w) = -w**2 + 9*w - 5. Let a be (4 + 0)*(-9)/12. Let u be 2 + (-4)/(3/a). List the prime factors of r(u).
13
Let j(w) = 6*w. What are the prime factors of j(5)?
2, 3, 5
Suppose 5*g + 30 = 5*o, -5*o - 2 = -2*g - 10*o. Let u(x) be the first derivative of -x**3/3 - 3*x**2 - 3*x + 1. What are the prime factors of u(g)?
5
Let l(c) = c - 13. Let k be l(13). Suppose -13 + k = -g. What are the prime factors of g?
13
Let x(f) = -f - 2. Let v be x(-5). Suppose 0 = -t - 9 - v. What are the prime factors of (t/(-10))/((-4)/(-10))?
3
Let r(y) = -y**2 + y - 2. Suppose -9 = 2*d - 1. Let n be r(d). List the prime factors of (0 - n)/((-2)/(-1)).
11
Let j(m) be the third derivative of m**6/120 + m**5/20 - m**4/24 + m**3/6 - 3*m**2. Let y be j(-3). List the prime factors of -6*1/((-6)/y).
2
Let z(l) = -l**3 - 2*l**2 - 1. Let m be z(-4). Let x = 49 - m. Suppose -3*u = -3 - x. What are the prime factors of u?
7
Let f = -2 - -5. Suppose -q + 3*q - f*l = 0, 3*l = q. Suppose -7*v + 3*v + 48 = q. What are the prime factors of v?
2, 3
Suppose 14 = -3*h + 2*h. Let x = h - -21. Suppose -4*z = -2*i - 24, 2*z - x - 21 = 5*i. What are the prime factors of z?
2
Let o(f) = -2*f + 6. Let z be o(5). Let b = z + 6. List the prime factors of b.
2
Suppose -7 - 1 = -4*t. Suppose -2*s - 4*u + 38 = 0, 3*s + t*u = -2*u + 47. List the prime factors of s.
3
Let v = -141 - -319. List the prime factors of v.
2, 89
Suppose -70 = -2*u - 0*u. List the prime factors of u.
5, 7
Let z = -347 - -602. What are the prime fa